digit of t?
3
Suppose -12*t - 4 = -13*t. What is the units digit of t/6 + (-96)/(-18)?
6
Let v(w) = -w**3 + 3*w**2 + 4*w + 5. Let r be v(4). Suppose 3*s + 112 = 4*x + 2, -r*s - 10 = 0. What is the units digit of x?
6
Suppose 29*o - 19131 + 1818 = 0. What is the hundreds digit of o?
5
Suppose -b = -5*p - 38 - 154, 384 = 2*b + p. Suppose 4*s = 8*s - b. What is the units digit of 2/3*936/s?
3
Let i(u) = 3*u**2 - 148. Let o be i(0). Let f = o - -248. What is the units digit of f?
0
Suppose 2*w + 6 - 2 = 0. What is the tens digit of w*(0 - 3)/9*159?
0
Suppose 5*u - 9*u = -560. Suppose 14*j - u = 10*j. What is the units digit of j?
5
Suppose 17*s - 1944 = 3513. What is the hundreds digit of s?
3
Suppose -1878 - 8490 = -9*g. What is the tens digit of g?
5
Suppose 0 = 4*r + 2*h - 384, -76 = -r - 5*h + 29. Suppose -5*o - 5*y = -180 - 235, o = -5*y + r. What is the tens digit of o?
8
Let n be 360/7 - -1 - 9/21. Suppose n = 4*y - 108. What is the tens digit of y?
4
Let t be (-27)/6*(-20)/(-15). Let j = 14 + t. What is the units digit of j?
8
Let u(x) = 24*x**2 - 14*x + 109. What is the hundreds digit of u(7)?
1
Let q(t) = t - 1. Suppose -3*g - 4 = -1, 2*g = v - 3. Let c be q(v). Suppose c*r - 5 = -r. What is the units digit of r?
5
Suppose -4*w + 512 = -0*w. Suppose -9*c = -5*c - w. What is the units digit of c?
2
What is the thousands digit of (-1)/(-6)*5788*3?
2
Let c be (5/(-10) - -2) + 268/8. Let h = 266 - c. What is the units digit of h?
1
Let l(x) be the second derivative of -1/20*x**5 - 5/6*x**3 + 0 - x**2 + x + 7/12*x**4. What is the units digit of l(4)?
6
Let u = 8 - 6. Suppose -4*r + 6 = -u*r. Suppose -n + 18 = 4*c, 0*n - n + r*c + 53 = 0. What is the units digit of n?
8
Suppose -4*z = -662 - 1050. What is the tens digit of z?
2
Let c(j) = j**3 + 13*j**2 - 28*j + 8. What is the units digit of c(-13)?
2
Let t(o) = o**2 + 7. Let c be t(-3). Suppose -c*r + 15*r + 29 = 0. What is the tens digit of r?
2
Suppose -5*y = -4*b - 15, 0 = 4*y - 2*b - 7 - 5. Let s be (-260)/y*9/(-6). Suppose 0*k = -5*k + s. What is the tens digit of k?
2
Let i(b) = b**3 + 8*b**2 - 11*b + 6. Let k be i(-9). Let r = k + -52. What is the units digit of (5/(-10))/(1/r)?
4
Let w(s) = s**3 + 35*s**2 - 2*s - 183. What is the hundreds digit of w(-34)?
0
Let c(o) = o + 8. Let q be c(-2). Suppose -q*x - 1 = -19. What is the units digit of x?
3
Let t(h) = -2*h - 3. Let w be t(-2). Let f(y) = 30*y**3 + y**2 - 2*y + 1. What is the tens digit of f(w)?
3
Let z(r) = 542*r + 88. What is the thousands digit of z(11)?
6
Suppose 0 = -13*w + 2405 + 962. What is the units digit of w?
9
Let v(d) = -2*d - 5. Let j(k) = k**2 + 18*k + 27. Let m be j(-16). What is the units digit of v(m)?
5
Let l(q) = -q**2 + q + 26. Let m be l(0). Suppose -18*p + 20*p = m. What is the units digit of p?
3
What is the units digit of 8670/11 - (3108/154 - 20)?
8
Let z be 1/2*-10*-2. Let o = 93 - 62. Suppose -d = -k - z, -o = -3*d - k + 3. What is the tens digit of d?
1
Suppose -2*z + 5 + 18 = -3*v, 3*v = -15. Suppose o + 24 = 6*o + h, -4*h + z = -3*o. Suppose o*m + 82 + 10 = 4*n, -3*m = -n + 17. What is the tens digit of n?
2
Let y = -534 - -1223. What is the tens digit of y?
8
Let f(x) = 10*x**2 - 9*x + 9. Let q(d) = -30*d**2 + 26*d - 27. Let i(j) = 7*f(j) + 2*q(j). What is the units digit of i(5)?
4
Let r be -126 + (-7)/((-14)/(-8)). Let x = -72 - r. What is the units digit of x?
8
Let d be 27/36 + (-50)/(-8). Suppose -2*o - 75 = -d*o. What is the tens digit of o?
1
Let x be -3*3/3 + 5/1. Suppose -100 = -3*k + x*k. What is the hundreds digit of k?
1
Suppose j - 3*v - 1 = 0, -4*j + v = j - 19. Let a be 6/j - 354/(-4). Suppose 3*x = 4*f + a, x = -x + 5*f + 53. What is the units digit of x?
4
Let w be ((-1)/(-2))/((-2)/16). Let i be 2/w*(-1140)/(-15). Let b = i - -69. What is the tens digit of b?
3
Let g = 1881 - 1002. What is the units digit of g?
9
Suppose 325*p - 324*p = 0. Suppose p = -3*y - 2*y + 350. What is the units digit of y?
0
Let x = 252 + -214. What is the units digit of x?
8
Suppose -36*m - 35127 = -63*m. What is the units digit of m?
1
Let s = -678 - -1055. What is the tens digit of s?
7
Suppose 2*y + 1585 = 5*a - 176, -2*y + 696 = 2*a. What is the units digit of a?
1
Suppose 4 = 4*y - y + p, 5*y - 5*p = 40. Let d be 16/6 - 2/y. What is the tens digit of 31/6*3*d?
3
Let n = -1138 + 2814. What is the tens digit of n?
7
Let y be (-14)/(-3) - (-6)/(-9). Suppose 4*o = 5*q - 371, -8*q - y*o = -3*q - 379. Suppose 19*u + q = 24*u. What is the units digit of u?
5
Let f(j) be the third derivative of -j**6/120 - j**5/30 + j**4/24 - 2*j**3/3 - 2*j**2. What is the units digit of f(-3)?
2
Let z(q) = -4*q - 10*q + 17*q - 3. Suppose -b + 46 = 4*b - x, 3*x + 21 = 2*b. What is the tens digit of z(b)?
2
Let u be -3 + 1 + 2 + 3. Suppose u*p - 6 = 0, 0 = 4*s + 2*p + 3*p - 346. What is the units digit of s?
4
Let m(b) = -23*b**3 + 2*b**2 + 66*b + 186. What is the tens digit of m(-3)?
2
Suppose 3*y + 410 = s, 0 = -0*y - y + 2. Suppose -7*x + 60 = -s. What is the units digit of x?
8
Suppose -1329*a - 6584 = -1337*a. What is the tens digit of a?
2
Let p(k) = -k + 1. Let t be p(-11). Let l be 2/3 - t/(-9). What is the tens digit of (l - 0)*(-266)/(-28)?
1
Let y(d) = -d**3 + 5*d**2 + 24*d - 122. Let a be y(6). Let b(i) = i**3 + 6*i**2 - 4*i + 3. Let z be b(-6). Let x = a + z. What is the tens digit of x?
1
Let q(k) = -3*k + 0*k**2 - 3 - k**2 + 5*k + 3*k. Let i be q(3). Suppose 2 + 10 = i*g. What is the units digit of g?
4
Suppose 0 = -26*m + 31*m - 2960. What is the units digit of m?
2
Suppose 2*x + 3*a - 4302 = 0, -5*x + 12*a - 15*a + 10737 = 0. What is the units digit of x?
5
Let w = 5665 - 3960. What is the hundreds digit of w?
7
What is the tens digit of (363/3)/((-1)/(-3))?
6
Let t(x) be the third derivative of 0 - 1/60*x**5 - x**3 - 5/12*x**4 - 7*x**2 + 0*x. What is the units digit of t(-7)?
5
Let o(y) = -3*y - 8 - 3 - 11*y**2 + 4 + 5. Let h be o(-1). Let f = -2 - h. What is the units digit of f?
8
Suppose 2*z - 45171 = -25*z. What is the hundreds digit of z?
6
Let g be 1802/(-5) + 16/40. What is the tens digit of 1 + 2 - g/9?
4
Suppose 4*c - 5*f = 5, -2*c = 4*f + 3 + 1. What is the units digit of c/3 - (1 + -10)?
9
Let x = 130 - 52. Let l be -1*2*(0 - x). Suppose -4*u - p = -150, -u + 5*u - l = 2*p. What is the tens digit of u?
3
Let z(c) = 56*c - 332. What is the tens digit of z(20)?
8
Let h(o) = o**3 - 7*o**2 + 6*o + 7. Let m be h(7). Let g = m + 8. What is the tens digit of g?
5
Suppose z = 6*z + 55. Let r(g) = g**2 + 12*g + 15. Let q be r(z). What is the units digit of q + -2 - (1 - 2)?
3
Let r(t) = -t**3 + 18*t**2 + 6*t - 56. What is the tens digit of r(-14)?
3
Suppose 0 = 5*d + 5*i - 9830, 3*d - 13*i - 5894 = -12*i. What is the thousands digit of d?
1
Suppose -4 = -4*l, 0*w - 3*l = 2*w - 1. Let n(a) = -12*a - 5 - 7 + 13. What is the tens digit of n(w)?
1
Suppose 0 = 4*a - 7*a + 3. What is the tens digit of 20/5 + -7 + a*115?
1
Let v(q) = q**3 - 6*q**2 - 8*q + 10. Let k be v(7). Suppose -k*p + 457 = -53. What is the tens digit of p?
7
Suppose -6*a + a = l - 258, -l - 3*a + 268 = 0. What is the hundreds digit of l?
2
Suppose 3 = 3*q, -2*z - 3*q = 3*z - 53. Suppose 0 = -z*j + 67 + 1513. What is the tens digit of j?
5
Suppose 0 = 5*l + 15, -5*x = 4*l - l - 271. Let j be (-16)/x - (-345)/7. Suppose -3*t + 4*t - j = 0. What is the tens digit of t?
4
Suppose 2*m = -3*m - 20. Let g = m - -4. Suppose g = -2*p + 2*w + 78, 4*p - 57 = 2*w + 105. What is the units digit of p?
2
Suppose -9*m = 3*m - 60. Suppose 2*p - 4*b + 16 = 6*p, -12 = -p - m*b. What is the units digit of p?
2
Let z = 29 + -26. Suppose -3 = -p, 5*f - f - z*p = -89. Let x = f + 42. What is the units digit of x?
2
Let p(q) = q + 14. Let w be p(-7). Let b(f) be the second derivative of f**5/20 - 7*f**4/12 + f**3/6 - 5*f**2/2 - 3*f. What is the units digit of b(w)?
2
Let r be 6/4*(-4)/6. Let v be r*(-2 - 6)/4. Suppose 132 = 2*g + v*g. What is the tens digit of g?
3
What is the hundreds digit of 1/(-3) + (-4)/((-36)/4359)?
4
Let q = -16 - 18. Let f = 1 + -10. Let a = f - q. What is the units digit of a?
5
Let d = 2424 + -767. What is the hundreds digit of d?
6
Suppose w - 4 = q, -15 = -2*w + 2*q - 7*q. What is the units digit of (-2)/w + -37*(-8)/40?
7
Let i(v)